**3 + k**2. Let w be s(-1). Let y(x) be the third derivative of -x**4/8 - x**3/2 - 143*x**2. What is y(w)?
-21
Let l(z) = 2728 - 2732 - 5*z + 11*z. Determine l(-3).
-22
Let u(x) = -x**2 - 10*x - 12. Let f be ((-64)/(-12))/(6/(-9)). What is u(f)?
4
Let t(j) = j**3 + 3*j**2 - j + 6. Let a be t(-3). Suppose a = l - 4*l. Let q(f) = 3*f + 4. Calculate q(l).
-5
Let x(i) = -10 - 175*i**2 + 529*i**2 - 178*i**2 - 177*i**2 + 7*i. Calculate x(5).
0
Let t(h) = 21*h**2 - 31*h - 27. Let i(l) = 4*l**2 - 6*l - 5. Let x(g) = 11*i(g) - 2*t(g). Calculate x(4).
15
Suppose -21*h - 114 = -2*h. Let g(p) = -2 - 3*p - 2*p + 3*p. Calculate g(h).
10
Let m(b) = -b - 2. Let i be m(-6). Let x(t) = 16*t**2 + 25*t**2 + 4*t + i - 42*t**2 + 0*t. Let y(q) = -q**3 - 5*q**2 - 5*q. Let w be y(-4). Calculate x(w).
4
Let c(h) = 92*h + 4 - 38*h - 29*h. What is c(-1)?
-21
Let n(o) = -4*o**3 - o. Let t be n(-1). Let w(k) be the first derivative of k**3/3 - 7*k**2/2 + 7*k + 1562. What is w(t)?
-3
Suppose t + 29 = -4*q + q, -4*t = 8. Let x(j) = j**2 + 9*j + 1. Give x(q).
1
Let p(a) = 14*a**2 - 2*a + 7. Let z(n) = -17*n**2 + 3*n - 9. Let w(r) = 4*p(r) + 3*z(r). Calculate w(-1).
5
Let v(g) = -g**3 + 6*g**2 - g - 1. Let w be (2 - (1 + 0))*6. Determine v(w).
-7
Let a be (12 + -6)*15/18. Let x(v) be the third derivative of -v**6/120 + v**5/15 + 5*v**4/24 - 2*v**3/3 + 4*v**2. Calculate x(a).
-4
Let r(t) be the second derivative of -t**4/12 - 3*t**3/2 - 15*t**2/2 + 3*t - 3. Give r(-5).
5
Let u = 75 + -79. Let h = -9 + 1. Let g = u - h. Let r(s) = s**2 - 3*s. What is r(g)?
4
Suppose 4*o = 19 + 5. Suppose -3*d + 0 = -o. Let a(x) = x**2 + 5 - 7 + 1 - d*x. Determine a(-1).
2
Let l(c) = -c**2 + 1. Suppose -2*v = -4*v + 4*x + 8, 4 = 3*v + 2*x. Give l(v).
-3
Let k(g) = g - 6. Let f = -40 + 29. Let l be 1*(-3 + 2) - f. Let m be k(l). Let z(c) = -c**2 + 4*c + 5. Determine z(m).
5
Suppose -4*v = i + 4, 0 = -3*i - 0*v - 4*v + 20. Let s(f) = -2*f**2 + 25*f - 5. Determine s(i).
7
Let o be (-60)/16 - (-3)/4. Let h be -8*(1/(1/o) - -4). Let l(p) = -p**3 - 8*p**2 + 3*p + 9. Calculate l(h).
-15
Let y = -40 - -41. Let x(z) = 3*z**3 + 3*z**2 - 5*z + 4. Let b(f) = -f**2 + f - 1. Let a(j) = -3*b(j) - x(j). Determine a(y).
-2
Let p(z) = 8*z + 26. Let g(b) = -20*b - 52. Let a(j) = 3*g(j) + 7*p(j). Determine a(9).
-10
Let h(w) be the third derivative of -1/12*w**4 - 36*w**2 + 0*w**3 + 0 + 0*w. Give h(4).
-8
Let g(n) = 37*n**2 - 71*n**2 + n**3 + 25*n**2 + 2*n - 14. Calculate g(9).
4
Let y be (92/(-28) - -3) + 12/(-7). Let d(w) = -w**2 - 1. Let i(f) = 9*f**2 + 2*f + 4. Let q(v) = 6*d(v) + i(v). Give q(y).
6
Let p = 439 - 431. Let u(l) = l**3 - 9*l**2 + 6*l + 16. Calculate u(p).
0
Let u(f) = f**2 + 7*f - 1. Suppose -60*k - 105 = -45*k. Give u(k).
-1
Let z = 10 - 8. Let m(w) = 0*w**2 - w + 2*w**2 - 4*w**z - 2*w. Suppose 7*j - 3*j = -8. Calculate m(j).
-2
Let u(q) = 2*q - 1 - 2 - 2 - q**2 + 7 - 4. Give u(3).
-5
Let d(j) = 23*j + 19. Let b be d(-1). Let i(t) = -t - 5. Give i(b).
-1
Let v be (32/(-16))/((-4)/10). Suppose 0 = -v*r + d + 4*d - 50, r - 4*d = -22. Let l(f) = f + 13. Calculate l(r).
7
Let b(w) = -1052*w**3 + 0 + 1049*w**3 - w + w**2 - 1. Calculate b(-1).
4
Let g(c) = 5*c**3 - 4*c**2 - 9*c + 1. Let p(a) = 6*a**3 - 4*a**2 - 9*a - 1. Let k(d) = -5*g(d) + 4*p(d). Determine k(5).
11
Let a(v) be the first derivative of -7*v**3/6 - 3*v**2/2 - 36*v + 22. Let c(x) be the first derivative of a(x). Let j be (-1 + -2)*(-4)/(-6). What is c(j)?
11
Let n(i) = -i**3 - 3*i**2 - 1. Let k(t) = 53*t - 1170. Let r be k(22). Determine n(r).
15
Let m(z) = 68*z. Let p(u) = 37*u. Let v(j) = -6*m(j) + 11*p(j). Give v(4).
-4
Let w(c) be the third derivative of c**8/1120 - c**7/2520 - c**6/720 + c**4/12 - c**2. Let q(i) be the second derivative of w(i). Calculate q(-1).
-6
Let z(t) be the first derivative of -5*t**3/6 - t**2 + 13*t - 11. Let g(r) be the first derivative of z(r). What is g(-3)?
13
Let m be 1 - ((3 - 6) + 0). Let z(t) = -5*t**3 + m - 5*t + 4*t**3 - t**2 + 4*t**2. Let n be (3/(5 + 1))/(4/24). Determine z(n).
-11
Let v be -1 - 0 - -5 - (-10 + 9). Let t(u) = 3*u**2 - 4. Let j(s) = 7*s**2 - s - 9. Let a(o) = -4*j(o) + 9*t(o). What is a(v)?
-5
Let n(x) be the second derivative of x**6/360 - x**5/40 - x**4/12 - x**3/6 + 7*x**2/2 + x - 10. Let u(j) be the second derivative of n(j). Give u(2).
-4
Let g(p) = -p + p + 3*p. Let y(o) = -o - 10. Let r be y(-17). Let n(i) = -i**2 + 6*i + 5. Let s be n(r). Give g(s).
-6
Let y(s) = -5 - 52*s**3 - 2 + 5 - 51*s**3 + 102*s**3 - 13*s**2 - 4*s. Give y(-13).
50
Suppose 200*o = 190*o - 40. Let u(j) = 2*j - 4. Calculate u(o).
-12
Let u(h) = h**3 - 3*h**2 - 2*h + 6. Let o be ((-6)/12)/((-1)/6). Suppose -o*k + 5*x + 0 = -27, -2*x - 2 = k. Determine u(k).
14
Suppose 6*l + m + 20 = 4*l, 3*m - 12 = 3*l. Let t(r) = r**2 + 9*r + 1. Determine t(l).
-7
Let x = 1404 - -1846. Let f(w) = -3250*w + 13*w**2 - 4 + x*w - w**3. Calculate f(13).
-4
Let h = -136 + 138. Let r be h/(-2) + 0 + (-6 - -10). Let m(v) = -v**3 + 4*v**2 - 3*v - 4. Give m(r).
-4
Let i(l) = -3 + 0*l + 2 + 10*l - 8*l. Calculate i(5).
9
Let v(k) be the first derivative of k**5/120 - k**4/8 - 17*k**3/3 + 13. Let z(p) be the third derivative of v(p). What is z(8)?
5
Let c(y) = -3 - 20*y**3 + 3*y**2 - y**2 - 3*y**2 + 3*y + 4*y**2 + 19*y**3. Give c(5).
-38
Suppose j + 0*j = -4. Let t be j + 7 - (1 - -1). Let m(u) be the third derivative of u**6/20 - u**5/30 + u**3/6 + 2*u**2 - 53. Give m(t).
5
Suppose 504*v = 499*v + 35. Let l(q) = -q**3 + 6*q**2 + 9*q - 9. What is l(v)?
5
Let a(m) = 23*m + 1. Let b = -183 + 182. What is a(b)?
-22
Let g(r) = -5*r + 1. Let q(m) = -3*m**2 - m + 7*m**2 - 3*m**2. Let s(d) = -g(d) + 5*q(d). Let j = -1 - 0. What is s(j)?
4
Let z(b) = b**3 - 4*b**2 + 2*b + 3. Let g be ((-18)/8)/(6/(-32)). Suppose h - g = -3*h. Let f be z(h). Let o(i) = -i. Give o(f).
0
Suppose -7*f - 12 = -11*f. Suppose 3 = 3*p - 4*t - 3, f*t + 7 = p. Let m(l) = l**3 + 2*l**2 + 2*l + 1. Give m(p).
-3
Let g be 1*3/21 + (-13)/91. Let c(s) = -s**2 - s - 12. Determine c(g).
-12
Let a be -1*((-72)/(-16))/(18/8). Let t(m) = 3*m**2 - 2. Determine t(a).
10
Let h(g) = 3*g + 6. Let x be h(-4). Let w(d) = -2*d + 3492 - 1751 - 1745 - 3*d + 4*d. Calculate w(x).
2
Let x(u) = 4*u + 2 - u - 2*u. Let v = 12673 + -12670. Give x(v).
5
Suppose 3*q = -2*b - 149, -4*q - 5*b - 73 = 128. Let h = -54 - q. Let p(l) = -l**3 - 4*l**2 + 5*l + 6. Determine p(h).
6
Let v(m) = -m - 12*m**3 + 15*m**3 + m. Suppose 0 + 3 = 3*d. Let j be v(d). Let u(a) = -a + 1. Calculate u(j).
-2
Suppose -2*s - 2 = -2*y, 5*y - 6*s + 8*s = -16. Let m(h) = -14*h**2 - 3*h - 8. Let d(a) = -2*a**2 - 1. Let j(q) = -5*d(q) + m(q). Give j(y).
-13
Let y(j) = -26 - 7*j + 7 - 5*j**2 - 6*j + j**2 + 3*j**2. What is y(-10)?
11
Let u(f) be the second derivative of f**3/6 + f + 5. What is u(2)?
2
Let n(x) = -5*x + 7. Suppose -30 = -0*y - 2*y. Let t(u) = 0 + y - 4*u - 7*u + 0*u. Let p(q) = -9*n(q) + 4*t(q). What is p(4)?
1
Let p(s) = -3*s - 15. Let z(c) = 3*c + 15. Let j(k) = -4*p(k) - 5*z(k). Let o be j(-6). Let g(a) = -4 - 21*a - o + 2 + 20*a. Give g(-4).
-1
Let k be (4 + -2 - 1) + 0. Let f(d) = 6*d + 5. Let z(v) = 11*v + 9. Let c(g) = -10*f(g) + 6*z(g). Let i(y) = -12*y - 7. Let l(o) = 7*c(o) + 4*i(o). Give l(k).
-6
Let g(v) = -v**3 - v**2 - 9. Let o be (4 + 33/(-9))*6. Suppose -o*n = -3*n. What is g(n)?
-9
Let l(s) be the first derivative of -s**4/4 - 13*s**3/3 + 7*s**2 - s + 442. Give l(-14).
-1
Let l be (-48)/(-9)*(-15)/10. Let k(q) = q**2 + 8*q + 10. Determine k(l).
10
Let j(x) = -9*x**3 + 10*x**3 - 4*x + 24 + 293*x**2 - 3*x - 284*x**2. What is j(-10)?
-6
Let t(j) = 11 + 0*j + j - 15. Let f(b) be the third derivative of -b**6/120 + 3*b**5/20 - b**4/24 + 11*b**3/6 - 11*b**2. Let g be f(9). Give t(g).
-2
Let v(l) = l**2 - 3*l + 3. Let g(q) = -q**2 - 53*q - 235. Let x be g(-5). What is v(x)?
13
Let i(m) = m**2 - 28*m + 83. Let b be i(25). Let f(j) = j - 11. Calculate f(b).
-3
Let d(v) = -v**3 - 6*v**2 + 6. Let f(i) = 2*i**3 + 5*i**2 - 7. Let r(n) = 3*d(n) + 2*f(n). Calculate r(8).
4
Let a = 58 + -56. Let j(c) = -4 + 4 - a*c + 2. Calculate j(-2).
6
Let w(p) be the second derivative of -3*p**3/2 + 2*p**2 - 155*p + 1. Calculate w(4).
-32
Let x be 3 - (3 - 7 - -3). Let p(y) be the third derivative of -y**5/60 + 7*y**4/24